. Let a(i) = -5*i**2 - i + 2. What is a(q)?
-20
Let t be 175/(-14)*(8/5)/(-2). Let q(z) = -z**2 + 7*z + 22. Calculate q(t).
-8
Let i = 64 - 57. Suppose i*o + 64 = 15*o. Let t(j) = -j**3 + 9*j**2 - 8*j - 6. Determine t(o).
-6
Let j(p) be the second derivative of 7*p**3/6 + 39*p**2/2 - 1726*p. Give j(-6).
-3
Let r(q) = -4*q. Let i = -78 - -124. Let g = -53 + i. Let s(o) = -8*o. Let k(t) = g*r(t) + 3*s(t). Determine k(3).
12
Suppose 3 = -q, -40*q + 45*q + 15 = -s. Let u(l) = l**2 + 1. Let b be u(1). Let g(k) = 5*k - 6 + 22 - 5*k + k**b. Give g(s).
16
Suppose 15 = 5*q + 5*b - 0, -5*b = -25. Let g(y) = -y**3 + 2*y**2 + y + 4. What is g(q)?
18
Let r(v) = 9676 + 9187 - 19316 + 23*v. Determine r(20).
7
Let g(v) = v + 13. Let h(d) = -12*d - 82. Let m be h(-7). Suppose -30 = 5*r - 4*f, m*r - r + f + 6 = 0. Determine g(r).
7
Let o(l) = -l**3 - 6*l**2 - 7*l - 9. Let j be ((-84)/(-7))/12*(-2 - 1). Give o(j).
-15
Let p(s) = -32*s + 81. Let j(b) = -111*b + 242. Let l(u) = -2*j(u) + 7*p(u). Give l(45).
-7
Let g(d) be the second derivative of -d**5/60 - 7*d**4/24 - d**3/2 - 38*d**2 - 8*d + 5. Let b(r) be the first derivative of g(r). Determine b(-7).
-3
Let i(a) = -a**3 - 60*a**2 + 125*a + 63. Let g(s) = -103*s + 144. Let r be g(2). Calculate i(r).
1
Let l be ((-35)/10 + 4)/(3/6234). Let d(f) = -l - f - 4*f + 1038. Determine d(1).
-6
Let q(o) be the first derivative of o**5/60 + 3*o**4/4 - 13*o**3/3 + o + 42. Let p(u) be the third derivative of q(u). Determine p(-13).
-8
Let w(r) = -3*r**3 + r. Let f be (2/2 - 0)/((-3)/(-15)). Let s be -2 - 1 - (240/(-6))/f. Suppose -3*z - s = 4*t, 0*t - z = -4*t + 7. Calculate w(t).
-2
Let y(q) be the second derivative of -1/12*q**4 + 21*q + 1/2*q**2 - 1/10*q**5 - 1/6*q**3 - 7. Calculate y(-1).
3
Let c(i) = i**2 + 8*i + 6. Let d be 26/(-5) - ((-78)/15 - -5). Let y(a) = a**2 + 3*a - 10. Let t be y(d). Suppose 8*m + 57 - 9 = t. Give c(m).
-6
Suppose -5*x - 5*v = -15, 192*x = 188*x + 4*v + 4. Let p(l) = 28*l + 1. Determine p(x).
57
Let q = 437 + -431. Let j(z) = 1 + 8*z**2 + 3*z + z**3 + 0*z - z**2 + q*z + z**2. Give j(-6).
19
Let m(l) = l**2 - 8*l + 5. Let s be ((-4)/(-6))/((40/15)/8). Suppose -2*i + 6 = 0, -11 = 6*q - q - s*i. Let g be ((-38)/(-14) + q)/(2/7). Give m(g).
-7
Let d(x) = -3*x + 20. Let i(b) = 49*b - 356. Let g be i(7). Calculate d(g).
59
Let l be (-2)/((-6)/15 - 0). Let n(i) be the third derivative of 1/8*i**4 + 0*i - 78*i**2 - 2/3*i**3 + 0. What is n(l)?
11
Let m = 23 + 90. Let z(t) = 4*t - 81. Let a be z(-7). Let d = m + a. Let y(p) = 2*p + 3. Calculate y(d).
11
Let k(h) = -13*h**3 + 13*h**2 + 14*h. Let g(d) = 15*d**3 - 14*d**2 - 15*d + 1. Let l(s) = -6*g(s) - 7*k(s). Give l(8).
-6
Let q = -2506 + 2501. Let i(w) be the third derivative of -5*w**4/24 - 5*w**3/6 - 2*w**2. Determine i(q).
20
Let n(f) = 2*f**3 + 7*f - 8. Let u be n(1). Let x be (-3)/(u + (5/(-8) - 0)). Let a(d) = -d**3 - 9*d**2 - 4*d + 9. What is a(x)?
-23
Let x(a) = -58*a - 157. Let m(b) = -8*b - 27. Let g(f) = -13*m(f) + 2*x(f). What is g(16)?
-155
Let t(a) = a + 9. Let l be (-7)/(-2) + 14/28. Suppose 4*z + l*r - 7 = -z, 4*r = 4*z - 20. Let p be (3 - (z + 0))*(-1 + 0). Calculate t(p).
9
Let h(g) = 30*g**3 + 23*g**2 + 4*g + 3. Let u(k) = -11*k**3 - 8*k**2 - 2*k - 1. Let l(f) = -4*h(f) - 11*u(f). Calculate l(2).
3
Let k(q) be the third derivative of -7/6*q**3 + 1/60*q**5 - 2*q**2 + 1/4*q**4 + 0*q + 0. Suppose 3*u + 70 = 55. What is k(u)?
-12
Let k be 130/16 - ((-1836)/(-96) + -19). Let d(b) = -b**3 + 6*b**2 + 17*b - 20. Give d(k).
-12
Let d(t) = -t**3 - 8*t**2 + 30*t + 3. Let v be d(3). Let a(q) = 10*q + 46. What is a(v)?
-14
Let w = 31 + -31. Suppose 48 = -2*y + 3*y - 3*p, w = -2*p + 10. Let l = y + -70. Let b(z) = z**3 + 6*z**2 - 7*z + 1. Determine b(l).
1
Let k be (0 + -9)*(-23)/69 + 3. Let m be 12/102 + 33*k/51. Let y(d) = 6*d - 18. Calculate y(m).
6
Let h = -26 + 24. Suppose -7*b - 44 = 4*b. Let j(g) = 9*g - 2. Let r(l) = -l. Let x(w) = b*r(w) - j(w). Determine x(h).
12
Let s(y) = y**3 - 4*y**2 - 4*y + 1. Suppose 0 = -3*c - 2*n + 16, -3*c + 2*n = 3*n - 11. Let k be -1*(-4)/8 - (-5)/c. Suppose -k*v - 44 = -56. What is s(v)?
-15
Suppose 2*d - 6 = 0, p = 2*p - 2*d + 4. Let z(j) = 3 + j + 3*j - p*j. Suppose -3558*h + 3422*h = -544. What is z(h)?
11
Let d(l) be the third derivative of -l**4/4 - l**3/6 - 9*l**2. Suppose -x + 3 = 5*t - 53, 2*t - 112 = -2*x. Let a = 58 - x. What is d(a)?
-13
Let j(t) = t - 2024. Let h(k) = -469. Let p(b) = 26*h(b) - 6*j(b). Give p(-8).
-2
Let p(n) = -n**3 - 4*n**2 - 5*n - 5. Let v(a) be the third derivative of -a**4/24 + 8*a**3/3 - 2*a**2 - 8*a. Let k be v(20). Calculate p(k).
15
Let f(b) be the second derivative of b**5/20 - b**4/3 + 2*b**3/3 - 7*b**2/2 + 2*b. Let x be (7 - -1 - 14)*(-4)/(11 + -3). Give f(x).
-4
Let n(a) = a**3 + 9*a**2 + 4*a + 1. Let y(d) = d - 1. Let r(v) = n(v) + 4*y(v). Suppose -160 = -8*h + 6*h. Let w = h - 88. Determine r(w).
-3
Let c = -518 + 544. Let w(s) = -s**2 + 24*s + 38. What is w(c)?
-14
Let p = 8821 - 8823. Let s(q) = 0 + 4 - 3. Let h(g) = -g + 8. Let f(j) = p*s(j) - h(j). Give f(6).
-4
Let m(n) = -n**3 - 6*n**2 + 20*n + 27. Let g(i) = 3*i**3 + 18*i**2 - 62*i - 76. Let f(y) = -4*g(y) - 11*m(y). Give f(-9).
-2
Let s be 5 - (-3)/((-1)/1). Let u(t) = -4 - 8*t - 2*t**2 + 1 + t**s + 1. Let n be (85/(-255))/(1/21). Determine u(n).
5
Let q(y) = y**2 - 5*y + 1. Let t be q(5). Let l(x) = -7*x + 8*x + 49 + x - 3*x - 47. Calculate l(t).
1
Let b(x) = x**3 - 97*x**2 + 193 - 191 + 93*x**2. Let u(o) = o**2 - 11*o - 38. Let y be u(14). What is b(y)?
2
Let j(f) be the second derivative of -f**4/12 - f**3/3 + 5*f**2 + 3533*f - 1. Give j(5).
-25
Let v(k) = -k**2 - 2*k. Let w(s) = -82*s**2 + 14 + 80*s**2 + 55*s - 43. Let y be w(27). Give v(y).
0
Let f(z) = -4*z. Let o(h) = h**2 + 14*h + 32. Let b be o(-17). Let u = b - 82. Calculate f(u).
-4
Let t(g) = -2*g**2 - 41*g - 64. Let w = 32774 + -32793. Give t(w).
-7
Let a(m) = m**2 - 3*m - 6. Let k be a(5). Let d = 447 - 436. Let u(h) = -64*h + 13. Let y(c) = -35*c + 7. Let t(f) = d*y(f) - 6*u(f). Determine t(k).
-5
Let c(s) = -44*s**2 - 2*s + 3. Suppose 0 = 22*k - 24*k + 4*h - 2, -2*k - 5*h + 7 = 0. Give c(k).
-43
Let a(r) be the second derivative of -r**4/12 + r**3 + 2*r**2 + r. Let x = 1341 - 1337. Calculate a(x).
12
Let l(y) = -2*y**2 - 16*y - 58. Let i(w) = -5*w**2 - 33*w - 133. Let r(p) = -3*i(p) + 7*l(p). Determine r(6).
-49
Let s(u) = u**2 - 7*u + 2. Let d(q) = 11*q - 4 - 7 + 38 + 23. Let c be d(-4). Calculate s(c).
-4
Suppose 0 = -w + 3*v + 65, -3*w - 2*v + 239 = -0*w. Let d(m) = 76 - w + 3*m - m - 4*m. What is d(-8)?
15
Let h(b) = -b**3 - 8*b**2 - 7*b - 9. Suppose 0 = 38*f - 33*f - 140. Let u be (2 - 0)*f/(-8). Determine h(u).
-9
Let x = -44 + 39. Let v(m) = -2*m - 1. Let r(y) = 4*y + 2. Let g(u) = -4*r(u) - 9*v(u). Calculate g(x).
-9
Let m = -1 + 18. Suppose 3*s = 4*i - 38, m - 57 = 5*s - 2*i. Let w(u) = -u**2 + 10*u - 5. Let c(q) = q**2 - 15*q + 6. Let z(k) = 3*c(k) + 4*w(k). Give z(s).
-8
Let x(g) = g**3 + 10*g**2 - 29*g - 18. Let d be x(-12). Let q be d/(-8) - 3/4. Let j(p) = -p**2 - 3*p + 6. What is j(q)?
-12
Let c(z) = -3*z**3 - z**2 - 3*z - 6. Suppose 348*x - 342*x + 12 = 0. Give c(x).
20
Let d(y) = y**3 - 11*y**2 + 13*y + 14. Let b be d(11). Suppose 0 = p - b + 157. Let h(m) = -m - 4. Determine h(p).
-4
Let o(x) = -131*x + 34. Let a(y) = -29*y + 9. Let z(j) = 9*a(j) - 2*o(j). What is z(-3)?
10
Let n(z) be the first derivative of z**4/4 + 2*z**3 - z**2/2 + 47*z + 34. Let o be n(-7). Let s(x) = -x**2 + 7*x - 2. Calculate s(o).
8
Suppose -343*p = -338*p + 15. Let h = 4 - 1. Let z(b) = -4*b**3 - b**2 + 1 + h*b**3 + 0 - 3*b**2 + b. Calculate z(p).
-11
Suppose 4*r = y - 19, 0 = 5*r + 2*y + 3*y + 30. Let n(t) = -3*t**2 - 9*t + 27. Calculate n(r).
-3
Let z(w) be the third derivative of -7*w**6/120 - w**5/30 - w**4/24 + 3*w**2 + 946. Let m(r) = r**3 + 9*r**2 - 11*r - 11. Let p be m(-10). Calculate z(p).
6
Let w(k) = -2*k + 17. Suppose 0 = -2*c + 4*c - 22. Let m(i) = -i + 6. Let h(z) = c*m(z) - 4*w(z). Let r(u) = 4*u + 31. Let q be r(-7). Determine h(q).
-11
Let v = 20 + -14. Let u(j) = -j**3 + 3*j**2 + 19*j - 38. Let o be u(5). Let d(s) = -7*s - o + 3*s + v*s - s. Calculate d(6).
-1
Let w(b) = -119*b + 158. Let j(g) = 1140*g - 1500. Let v(h) = 5*j